 x. List the prime factors of c.
2, 3, 11
Let p(v) = -735*v**3 - 2*v**2 + 18*v + 40. List the prime factors of p(-2).
2, 13, 113
Suppose 0 = -4*j + y - 492, -76*y + 73*y - 508 = 4*j. Let z(h) = 34*h + 3. Let w be z(6). Let k = w + j. List the prime factors of k.
83
Let x = -29 - -33. Suppose -3*m = -x*j + 97, -j - 2*j + 3*m = -72. Suppose 9*v = 4*v + j. What are the prime factors of v?
5
Let t be 17428/20 - (196/(-35) - -6). Let h = -169 + t. What are the prime factors of h?
2, 3, 13
Let t(i) = -1487*i - 1379. What are the prime factors of t(-15)?
2, 10463
Let x be (-1 + 3/(-6))/((-41)/82). Suppose -2*v = -x*b - 193, 317 = -110*v + 113*v + b. What are the prime factors of v?
2, 13
Suppose -74*d = -77*d - 18. What are the prime factors of (35/(-7) - d) + 104?
3, 5, 7
List the prime factors of ((-12)/10)/(-1*39/369785).
2, 5689
Let u(a) = a**2 + 7*a + 2. Let f be u(-7). Suppose 3*o - 136 = f*b + 73, 2*o - 151 = -b. What are the prime factors of o?
73
Suppose 6*i = -3*i. Suppose 4*y + 2*y = i. Suppose y = 6*x - 5*x - 74. List the prime factors of x.
2, 37
Suppose -6*i = 3*i - 2844. Let p = -211 + i. What are the prime factors of (-9)/3 + p/3?
2
Let k(h) = 865*h**2 - 187*h - 718. List the prime factors of k(-4).
2, 5, 19, 73
Let h(z) be the first derivative of 163*z**2/2 - 261*z - 193. What are the prime factors of h(6)?
3, 239
Let a = 285 + -285. Suppose 5*j + l + l = 3356, a = -j - 5*l + 662. What are the prime factors of j?
2, 3, 7
Suppose 15 = 3*a + 6. Suppose 212*o = 200*o. Suppose a*s - f - 113 = o, -29 = -s + 2*f + 12. What are the prime factors of s?
37
Let r = -7735 - -33079. What are the prime factors of r?
2, 3, 11
Let p(t) be the second derivative of t**4/2 + 17*t**3/6 + t**2 - 133*t. List the prime factors of p(-16).
2, 3, 211
Suppose 3*a + 2*x + 91 = -15, -69 = 2*a + 3*x. What are the prime factors of 8/a + 8187/27?
3, 101
Suppose 3*g - 1452 = 4*r, -3*g - 2*r = g - 1958. Let n = 1070 - g. What are the prime factors of n?
2, 3, 97
Suppose -17*m - 3*m + 31080 = 0. Suppose -4*i + 2598 = 2*u, 2*u + m = 4*i - 1040. What are the prime factors of i?
11, 59
Let o(v) = -v**3 + 20*v**2 - 19*v + 2. Let x be o(19). Let y be 710/3 - x*(-8)/48. Suppose 37 - y = -a. List the prime factors of a.
2, 5
List the prime factors of 13 + 4*243661/34.
7, 17, 241
Let g(l) = -l**3 + 5*l**2 + 10. Let z be g(5). Suppose -6*o + 28 - z = 0. Suppose 276 = o*u - 2*v, 2*u = -3*u + 2*v + 460. List the prime factors of u.
2, 23
Let g = 36003 + -17359. What are the prime factors of g?
2, 59, 79
Suppose -9*l + 30 = -3*l. Suppose -3*k = -3*b + 24, l*b + k - 8 = -2*k. Let s(c) = c**3 - c**2 + 8*c. What are the prime factors of s(b)?
2, 5
Let a(q) = 3*q**3 + 5*q**2 + 28*q - 100. What are the prime factors of a(15)?
2, 5, 13, 89
Suppose 78*j + 65*j = 653224. List the prime factors of j.
2, 571
Suppose 4*n + 29*z = 27*z + 142154, 3*n - 106609 = 5*z. What are the prime factors of n?
2, 3, 5923
Suppose 0 = 31*u + 9*u - 98880. What are the prime factors of u?
2, 3, 103
Let r = 6712 + 6571. List the prime factors of r.
37, 359
Let a = 8 + -5. Suppose -5*u - 20*u + 2*u = -u. Suppose x + u*f - 37 = -4*f, -a*f = x - 42. List the prime factors of x.
3, 19
Let c = -803 - -815. List the prime factors of ((-1035)/c)/((-24)/480).
3, 5, 23
Let o be (12/(-9))/(1/(-3)). Let y(t) = 194*t - 59. Let f be y(2). Suppose -5*r + f = -4*i, -r + i = o*i - 62. List the prime factors of r.
5, 13
Let q(u) = 8*u**3 + 6*u**2 - 173*u + 52. What are the prime factors of q(10)?
2, 3461
Let v(y) = -4*y - 26. Let c be v(-11). Suppose -c*d + 20*d - 536 = 0. Suppose -9*i + d = -542. What are the prime factors of i?
2, 3, 5
Suppose 3*o - 4*y + 0*y = -8, 6 = 4*o + 3*y. Let c be ((-14)/(-8) + o)/(2/8). Let q(w) = w**3 - 5*w**2 - 5*w - 5. What are the prime factors of q(c)?
2, 29
Suppose 4*u + 1283 = -3*h + 2*u, -2*u + 842 = -2*h. Let y = 266 + h. Let q = y - -354. What are the prime factors of q?
3, 5, 13
List the prime factors of (-300306)/(-39) + -7 + 12/(-78).
7, 157
Suppose 0 = z + z - 8. Suppose 2*o + 0*o = -3*j + 5, -o = z*j + 10. List the prime factors of ((-6)/o*4)/((-4)/30).
2, 3
Let j be ((-2)/7)/(4 + (-58)/14). Suppose 205 = 3*n - n - 5*t, -190 = -2*n + j*t. List the prime factors of n.
2, 3, 5
Suppose 20*a - 223744 = -1104. List the prime factors of a.
2, 11, 23
Suppose -2 = b, 4*p - 2*b - 824 = -6*b. What are the prime factors of p + (0 - (1 - 3) - 5)?
5, 41
Let s(k) = k**3 - 3*k - 3. Let i be s(-2). Let h(m) = -2 - 8 + 21*m**2 - 14*m**2 - 10*m**2 - m**3 + 4*m. List the prime factors of h(i).
2, 5
Suppose -2*s - u = 35, -s + 3*s = -2*u - 36. Let h(a) = -19*a - 17. List the prime factors of h(s).
2, 3, 17
What are the prime factors of ((-249844)/(-112))/(7/28)?
8923
Let z be 1/4*-2 - (-570)/20. Suppose -j + z = -o + 27, -2*o + 5*j - 17 = 0. What are the prime factors of o?
2
Suppose 10*r - 8*r = 392. List the prime factors of ((-35)/2)/((-14)/r).
5, 7
Suppose 3*a - 2*c - 182780 = a, 274179 = 3*a + 6*c. List the prime factors of a.
59, 1549
Let i(b) = 3*b**2 + 284*b - 192. What are the prime factors of i(55)?
107, 229
Suppose 33173 - 3473 = -18*k. What are the prime factors of k/(-15) + 4/1?
2, 3, 19
Suppose -w + 33 = -5*j, 0*j = -4*j + 2*w - 24. Let q be 38/(-2) + 48/12. List the prime factors of (9/q)/(j/1785).
3, 17
Let r be (8/(-9))/(8/(-36)). Let x be (-1172)/(-28) + 3/21. List the prime factors of r/x - (-11164)/84.
7, 19
Let a(w) = 13*w**2 - w - 2. Let r = -90 - -100. Let m(q) = -38*q**2 + 4*q + 6. Let i(u) = r*a(u) + 3*m(u). List the prime factors of i(2).
2, 3, 11
Let f(u) = -u**3 - 9*u**2 + 17*u + 1. Let q be f(-10). Let b = 243 - 121. Let x = q + b. What are the prime factors of x?
53
Let u(f) = 26*f + 87. Let j(r) = 50*r + 172. Let b(v) = -6*j(v) + 10*u(v). What are the prime factors of b(-6)?
2, 3, 13
Suppose -173*f = -170*f + t - 15939, 2*f - 5*t = 10609. What are the prime factors of f?
2, 83
Let m(g) = 3*g**3 - 469*g**2 - 699*g + 167. What are the prime factors of m(158)?
5, 2909
Let s(t) = 94*t**2 - 70*t + 102. What are the prime factors of s(18)?
2, 3, 19, 257
Let v be (-393)/(-1)*5/(-2)*2. Let k be 7/((-126)/(-4)) - v/27. Let g = k + 47. List the prime factors of g.
2, 3, 5
Let c = -677 + 682. Suppose 0 = c*y - 3*g - 3839, 26*y - 2*g - 1534 = 24*y. What are the prime factors of y?
769
What are the prime factors of 2*69*9/((-567)/(-1743))?
2, 23, 83
Let v(n) = n**2 + 99 + 5*n - 3*n + 2*n. Let f = 8448 + -8448. What are the prime factors of v(f)?
3, 11
Suppose 4*z - z - 18 = p, -100 = 5*p - 5*z. Let f(u) = -u - 10. List the prime factors of f(p).
11
Suppose 27*u = 21*u + 147534 + 11214. List the prime factors of u.
2, 13229
Let j(t) = 1125*t**3 + 41*t**2 + 2*t - 3. List the prime factors of j(2).
3, 5, 13, 47
Let n = -3201 - -4582. List the prime factors of n.
1381
Let g(l) = -11*l**2 - 37*l + 8. Let p(s) = -s**2 - 3*s + 1. Let h(n) = -g(n) + 5*p(n). List the prime factors of h(9).
3, 227
Suppose -2*s = 2*s - 4*m + 424, -s - 5*m = 124. Let h = 120 + s. What are the prime factors of h?
11
Let i = -288 - -207. Let d = i - -406. What are the prime factors of d?
5, 13
Let g = -13 - -18. Suppose 0 = -a + 5 - g. Suppose a = 4*y + 2*b + b - 554, b = 2*y - 282. List the prime factors of y.
2, 5, 7
Suppose -1346035 = -30*d + 1548401 - 649896. What are the prime factors of d?
2, 37409
Let d(z) = 18*z**3 - 6*z**2 + 34*z - 135. What are the prime factors of d(7)?
31, 193
Suppose 9*s = -2792 + 371. Let c = -211 - s. What are the prime factors of c?
2, 29
Let o(y) = 5*y + 0*y + 2 + 12*y + y - y**2. Suppose 0 = h - c + 2 - 12, 3*c + 12 = h. List the prime factors of o(h).
83
Suppose 3*s - 22 = 164. Let n(a) = -a**2 - 5*a + 2. Let m be n(0). Let y = s + m. List the prime factors of y.
2
Suppose 14*u - 5*u = 351. Suppose u = -l + 40. List the prime factors of (-20)/(-70)*l*7 - -180.
2, 7, 13
Let u = 4173 + -2420. Suppose -147 = -4*z + u. What are the prime factors of z?
5, 19
Let s be (-4)/((-7)/((-280)/(-32))). Suppose -g + 2*h + 1115 = 0, s*g = -4*h - h + 5635. What are the prime factors of g?
1123
Let q = -6 - -9. List the prime factors of (-33)/2*(-34)/q.
11, 17
Let i = -133 + 140. Suppose -10*o - 7 = -i. Suppose j - 13 = 2*z + 29, o = 4*j - 4*z - 172. List the prime factors of j.
2, 11
Suppos